{"id":67,"date":"2022-01-05T18:29:00","date_gmt":"2022-01-05T17:29:00","guid":{"rendered":"https:\/\/ligueauraroller.fr\/CPE\/?page_id=67"},"modified":"2024-02-17T12:53:57","modified_gmt":"2024-02-17T11:53:57","slug":"parcours-haut-niveau","status":"publish","type":"page","link":"https:\/\/ligueauraroller.fr\/CPE\/parcours-haut-niveau\/","title":{"rendered":"Parcours d&rsquo;accession au Haut Niveau"},"content":{"rendered":"\n<figure class=\"wp-block-pullquote\"><blockquote><p><strong>Le Centre Permanent d&rsquo;Entra\u00eenement est la structure d&rsquo;accession au haut niveau de roller hockey en France, au bout du parcours d&rsquo;excellence sportive et dans le cadre du Projet de Performance F\u00e9d\u00e9ral (PPF)<\/strong><\/p><\/blockquote><\/figure>\n\n\n<div class=\"wp-block-image\">\n<figure class=\"aligncenter size-full\"><img loading=\"lazy\" decoding=\"async\" width=\"502\" height=\"240\" src=\"https:\/\/ligueauraroller.fr\/CPE\/wp-content\/uploads\/2024\/02\/PPF-logo.jpg\" alt=\"\" class=\"wp-image-1422\" srcset=\"https:\/\/ligueauraroller.fr\/CPE\/wp-content\/uploads\/2024\/02\/PPF-logo.jpg 502w, https:\/\/ligueauraroller.fr\/CPE\/wp-content\/uploads\/2024\/02\/PPF-logo-300x143.jpg 300w\" sizes=\"auto, (max-width: 502px) 100vw, 502px\" \/><\/figure>\n<\/div>\n\n\n<p>Le CREP est une structure du PPF.<\/p>\n\n\n\n<p>Pour plus d&rsquo;information sur le haut niveau au sein de la FFRS, et l&rsquo;int\u00e9gration du CREP dans les structures sp\u00e9cifiques de mise en place du haut niveau en France : <a href=\"https:\/\/ffroller-skateboard.fr\/haut-niveau\/\" target=\"_blank\" rel=\"noreferrer noopener\">https:\/\/ffroller-skateboard.fr\/haut-niveau\/<\/a><\/p>\n\n\n\n<p>Les joueurs inscrits au CREP sont de facto inscrits sur les listes minist\u00e9rielles des sportifs (PSQS), et cela leur conf\u00e8re un statut reconnu et valorisable aupr\u00e8s des \u00e9tablissement scolaires, et sur ParcourSup.<\/p>\n\n\n\n<p><\/p>\n","protected":false},"excerpt":{"rendered":"<p>Le Centre Permanent d&rsquo;Entra\u00eenement est la structure d&rsquo;accession au haut niveau de roller hockey en France, au bout du parcours d&rsquo;excellence sportive et dans le cadre du Projet de Performance F\u00e9d\u00e9ral (PPF) Le CREP est une structure du PPF. Pour plus d&rsquo;information sur le haut niveau au sein de la FFRS, et l&rsquo;int\u00e9gration du CREP [&hellip;]<\/p>\n","protected":false},"author":1,"featured_media":0,"parent":0,"menu_order":0,"comment_status":"closed","ping_status":"closed","template":"templates\/template-full-width.php","meta":{"footnotes":""},"class_list":["post-67","page","type-page","status-publish","hentry"],"_links":{"self":[{"href":"https:\/\/ligueauraroller.fr\/CPE\/wp-json\/wp\/v2\/pages\/67","targetHints":{"allow":["GET"]}}],"collection":[{"href":"https:\/\/ligueauraroller.fr\/CPE\/wp-json\/wp\/v2\/pages"}],"about":[{"href":"https:\/\/ligueauraroller.fr\/CPE\/wp-json\/wp\/v2\/types\/page"}],"author":[{"embeddable":true,"href":"https:\/\/ligueauraroller.fr\/CPE\/wp-json\/wp\/v2\/users\/1"}],"replies":[{"embeddable":true,"href":"https:\/\/ligueauraroller.fr\/CPE\/wp-json\/wp\/v2\/comments?post=67"}],"version-history":[{"count":11,"href":"https:\/\/ligueauraroller.fr\/CPE\/wp-json\/wp\/v2\/pages\/67\/revisions"}],"predecessor-version":[{"id":1424,"href":"https:\/\/ligueauraroller.fr\/CPE\/wp-json\/wp\/v2\/pages\/67\/revisions\/1424"}],"wp:attachment":[{"href":"https:\/\/ligueauraroller.fr\/CPE\/wp-json\/wp\/v2\/media?parent=67"}],"curies":[{"name":"wp","href":"https:\/\/api.w.org\/{rel}","templated":true}]}}